50540?
140
What is the highest common divisor of 141 and 361383?
141
What is the highest common divisor of 382638 and 30?
6
What is the greatest common divisor of 2671850 and 10?
10
What is the highest common divisor of 28182 and 106?
2
Calculate the highest common factor of 3806 and 33.
11
Calculate the greatest common factor of 71 and 175654.
71
What is the highest common divisor of 3429 and 4266?
27
Calculate the highest common divisor of 66545 and 5.
5
What is the highest common factor of 12 and 33475?
1
What is the highest common divisor of 120 and 73167?
3
Calculate the greatest common divisor of 83150 and 5.
5
Calculate the highest common divisor of 12 and 18686.
2
Calculate the highest common divisor of 1034 and 425491.
517
What is the greatest common factor of 305 and 15311?
61
What is the greatest common divisor of 32325 and 225?
75
What is the greatest common factor of 144662 and 126?
14
What is the greatest common divisor of 2016 and 6944?
224
What is the greatest common divisor of 9546 and 1677?
129
What is the highest common factor of 34263 and 94?
47
Calculate the greatest common divisor of 870 and 20810.
10
What is the greatest common factor of 53156 and 1644?
548
What is the highest common divisor of 74 and 2405?
37
What is the highest common factor of 45 and 280205?
5
Calculate the highest common factor of 2427136 and 128.
128
Calculate the greatest common divisor of 5350 and 4000.
50
Calculate the highest common divisor of 91413 and 126.
63
What is the highest common factor of 240 and 49950?
30
What is the greatest common factor of 4121 and 104?
13
Calculate the greatest common factor of 3296 and 18.
2
What is the highest common factor of 92210 and 130?
10
Calculate the greatest common divisor of 107202 and 306.
102
What is the greatest common divisor of 154 and 1297268?
14
Calculate the greatest common divisor of 34101 and 101040.
1263
Calculate the highest common factor of 535 and 340.
5
Calculate the highest common divisor of 39 and 738439.
13
What is the highest common divisor of 5187 and 273?
273
What is the greatest common factor of 3100 and 372?
124
What is the greatest common factor of 2097 and 28892?
233
What is the greatest common factor of 15715 and 35?
35
What is the highest common divisor of 61267 and 12608?
197
What is the greatest common factor of 44136 and 48?
24
Calculate the highest common divisor of 104830 and 220.
110
Calculate the greatest common divisor of 1432188 and 2.
2
What is the highest common divisor of 135174 and 78?
78
Calculate the greatest common divisor of 4 and 90564.
4
What is the greatest common divisor of 324 and 33156?
108
What is the greatest common factor of 769233 and 51?
51
What is the greatest common factor of 599 and 536?
1
Calculate the greatest common factor of 5934 and 17526.
138
What is the highest common factor of 51 and 3516?
3
What is the greatest common factor of 395438 and 7172?
326
What is the greatest common factor of 86 and 1731?
1
What is the greatest common divisor of 7386 and 600?
6
What is the greatest common divisor of 4615 and 25915?
355
Calculate the greatest common divisor of 900 and 1225.
25
Calculate the greatest common factor of 2772 and 78876.
252
Calculate the greatest common factor of 245 and 6854365.
245
Calculate the highest common divisor of 1037114 and 339.
113
Calculate the highest common divisor of 24050 and 26725.
25
Calculate the greatest common divisor of 171 and 8284.
19
What is the highest common factor of 42680 and 1358?
194
Calculate the greatest common divisor of 1139 and 15283.
17
Calculate the greatest common factor of 101290 and 658.
14
What is the highest common factor of 1155 and 55935?
165
Calculate the highest common factor of 65390 and 70.
10
Calculate the highest common divisor of 392 and 1944.
8
What is the greatest common factor of 24474 and 210?
6
Calculate the greatest common divisor of 1104 and 1426.
46
What is the highest common divisor of 1435 and 5985385?
1435
What is the greatest common divisor of 3167372 and 136?
68
What is the highest common factor of 1947 and 3333?
33
What is the highest common factor of 33852 and 2790?
186
What is the highest common divisor of 363 and 15125?
121
What is the greatest common divisor of 1284493 and 84?
7
What is the greatest common divisor of 750 and 115450?
50
Calculate the highest common factor of 238292 and 1312.
164
What is the greatest common factor of 1196 and 25829?
23
What is the greatest common divisor of 121270 and 57920?
1810
What is the highest common divisor of 669510 and 1720?
430
What is the highest common factor of 382612 and 820?
164
Calculate the highest common divisor of 164 and 1570259.
41
Calculate the highest common factor of 40 and 2599840.
40
Calculate the highest common divisor of 48 and 123.
3
What is the greatest common divisor of 31 and 300049?
31
What is the greatest common factor of 104 and 215540?
52
What is the greatest common factor of 3450 and 1127460?
690
Calculate the greatest common divisor of 6 and 61110.
6
What is the greatest common divisor of 342 and 187948?
38
What is the highest common divisor of 4311 and 228962?
479
What is the highest common factor of 8 and 8764?
4
What is the highest common factor of 2810271 and 47?
47
What is the greatest common divisor of 6757125 and 111?
111
What is the highest common factor of 53755 and 15?
5
What is the greatest common factor of 66 and 24078?
6
What is the greatest common divisor of 9 and 170649?
9
Calculate the greatest common divisor of 119 and 336413.
119
Calculate the highest common divisor of 167790 and 5.
5
Calculate the highest common divisor of 12015 and 567.
27
Calculate the greatest common divisor of 198942 and 426.
426
What is the highest common factor of 388430 and 105610?
1790
Calculate the greatest common factor of 223 and 2807347.
223
What is the greatest common divisor of 325 and 325?
325
What is the greatest common factor of 57538 and 91?
13
What is the highest common divisor of 54684 and 224?
28
Calculate the highest common divisor of 362115 and 90.
45
Calculate the highest common factor of 3969 and 556542.
441
Calculate the greatest common factor of 385 and 2123.
11
What is the greatest common divisor of 143680 and 80?
80
What is the highest common divisor of 11616 and 23584?
352
What is the highest common factor of 5017 and 20933?
173
Calculate the greatest common factor of 13262 and 532.
38
Calculate the highest common divisor of 1976 and 1368.
152
Calculate the greatest common factor of 5910 and 960.
30
What is the greatest common factor of 767090 and 10?
10
What is the highest common factor of 120 and 74136?
24
Calculate the greatest common factor of 1414418 and 1468.
734
Calculate the greatest common divisor of 4123938 and 234.
78
Calculate the highest common factor of 3565 and 16151.
31
What is the highest common factor of 24508 and 110?
22
What is the greatest common factor of 155591 and 722?
361
Calculate the highest common factor of 35 and 455.
35
What is the highest common divisor of 191 and 379517?
191
What is the greatest common factor of 5 and 264?
1
What is the greatest common factor of 54810 and 141085?
1015
What is the highest common divisor of 16745 and 279740?
985
What is the highest common divisor of 1792615 and 5445?
605
What is the highest common factor of 6798 and 9372?
66
Calculate the greatest common divisor of 71 and 1925591.
71
Calculate the greatest common divisor of 868160 and 320.
320
What is the highest common factor of 39897 and 36673?
403
Calculate the highest common divisor of 2384 and 824.
8
Calculate the greatest common divisor of 9 and 9387414.
9
What is the greatest common divisor of 96882 and 1608?
402
What is the greatest common factor of 9 and 190962?
9
Calculate the greatest common factor of 38 and 1121247.
19
Calculate the highest common divisor of 96078 and 603.
201
Calculate the greatest common divisor of 26 and 8086.
26
Calculate the greatest common factor of 268651 and 17.
17
Calculate the highest common divisor of 2224710 and 360.
90
What is the greatest common factor of 17 and 97478?
17
Calculate the highest common divisor of 5877 and 834.
3
Calculate the greatest common factor of 25290 and 72.
18
What is the highest common divisor of 